{"id":138,"date":"2020-03-31T20:19:52","date_gmt":"2020-03-31T19:19:52","guid":{"rendered":"https:\/\/catechese.ch\/?page_id=138"},"modified":"2020-08-24T13:00:18","modified_gmt":"2020-08-24T12:00:18","slug":"decouvrez-nos-formations","status":"publish","type":"page","link":"https:\/\/catechese.ch\/?page_id=138","title":{"rendered":"D\u00e9couvrez nos formations"},"content":{"rendered":"\n<h3 class=\"wp-block-heading\"><strong>Se former pour animer<\/strong><\/h3>\n\n\n\n<p>La formation \u0153cum\u00e9nique de base \u00e0 l&rsquo;animation cat\u00e9ch\u00e9tique est&#8230; POUR VOUS !<br>Cette formation est destin\u00e9e aux personnes actives dans l\u2019animation en cat\u00e9ch\u00e8se, d\u00e9butantes ou exp\u00e9riment\u00e9es.<br><\/p>\n\n\n\n<p>Dates :<br><br>&#8211; vendredi 20 novembre de 18h30 \u00e0 21h45<br><br>&#8211; samedi 21 novembre de 9h \u00e0 17h30<br><br>&#8211; jeudi 21 janvier de 18h30 \u00e0 21h45 &#8211; soir\u00e9e d\u00e9veloppement de l&rsquo;enfant<\/p>\n\n\n\n<p>&#8211; jeudi 25 f\u00e9vrier de 18h30 \u00e0 21h45<br><br>&#8211; jeudi 25 mars de 18h30 \u00e0 20h30<br><br>Lieu : COEC (Village-Suisse 14)<br><br>Informations et inscriptions (avant le 12 novembre) : <a href=\"mailto:info@coec.ch\">info@coec.ch<\/a><\/p>\n\n\n\n<p><strong>Formation Secourisme enfance<\/strong><\/p>\n\n\n\n<p>Cette formation originale vous propose de r\u00e9actualiser vos gestes de premier secours ax\u00e9s sur l&rsquo;enfance.<\/p>\n\n\n\n<p>Date : 10 octobre 2020 de 9h \u00e0 12h, accueil caf\u00e9-croissants d\u00e8s 8h30<\/p>\n\n\n\n<p>Lieu : 50, chemin de la M\u00e8re-Voie, 1228 Plan-les-Ouates (TPG : arr\u00eat de bus 22 et 42 Rolliet)<\/p>\n\n\n\n<p>Prix : Fr. 40.- \u00e0 payer sur place<\/p>\n\n\n\n<p>Inscription\u00a0obligatoires\u00a0dans la limite des places disponibles (20 places) et par ordre d&rsquo;arriv\u00e9e, avant le 8 septembre.<\/p>\n\n\n\n<p>Inscription : <a href=\"mailto:info@coec.ch\">info@coec.ch<\/a><\/p>\n\n\n\n<p><br><br><\/p>\n","protected":false},"excerpt":{"rendered":"<p>Se former pour animer La formation \u0153cum\u00e9nique de base \u00e0 l&rsquo;animation cat\u00e9ch\u00e9tique est&#8230; POUR VOUS !Cette formation est destin\u00e9e aux personnes actives dans l\u2019animation en cat\u00e9ch\u00e8se, d\u00e9butantes ou exp\u00e9riment\u00e9es. Dates : &#8211; vendredi 20 novembre de 18h30 \u00e0 21h45 &#8211; samedi 21 novembre de 9h \u00e0 17h30 &#8211; jeudi 21 janvier de 18h30 \u00e0 21h45 &hellip; <\/p>\n<p class=\"link-more\"><a href=\"https:\/\/catechese.ch\/?page_id=138\" class=\"more-link\">Continuer la lecture<span class=\"screen-reader-text\"> de &laquo;&nbsp;D\u00e9couvrez nos formations&nbsp;&raquo;<\/span><\/a><\/p>\n","protected":false},"author":4,"featured_media":0,"parent":0,"menu_order":0,"comment_status":"closed","ping_status":"closed","template":"","meta":{"footnotes":""},"class_list":["post-138","page","type-page","status-publish","hentry"],"yoast_head":"<!-- This site is optimized with the Yoast SEO plugin v23.5 - https:\/\/yoast.com\/wordpress\/plugins\/seo\/ -->\n<title>D\u00e9couvrez nos formations - catechese.ch<\/title>\n<meta name=\"robots\" content=\"index, follow, max-snippet:-1, max-image-preview:large, max-video-preview:-1\" \/>\n<link rel=\"canonical\" href=\"https:\/\/catechese.ch\/?page_id=138\" \/>\n<meta property=\"og:locale\" content=\"fr_FR\" \/>\n<meta property=\"og:type\" content=\"article\" \/>\n<meta property=\"og:title\" content=\"D\u00e9couvrez nos formations - catechese.ch\" \/>\n<meta property=\"og:description\" content=\"Se former pour animer La formation \u0153cum\u00e9nique de base \u00e0 l&rsquo;animation cat\u00e9ch\u00e9tique est&#8230; POUR VOUS !Cette formation est destin\u00e9e aux personnes actives dans l\u2019animation en cat\u00e9ch\u00e8se, d\u00e9butantes ou exp\u00e9riment\u00e9es. Dates : &#8211; vendredi 20 novembre de 18h30 \u00e0 21h45 &#8211; samedi 21 novembre de 9h \u00e0 17h30 &#8211; jeudi 21 janvier de 18h30 \u00e0 21h45 &hellip; Continuer la lecture de &laquo;&nbsp;D\u00e9couvrez nos formations&nbsp;&raquo;\" \/>\n<meta property=\"og:url\" content=\"https:\/\/catechese.ch\/?page_id=138\" \/>\n<meta property=\"og:site_name\" content=\"catechese.ch\" \/>\n<meta property=\"article:modified_time\" content=\"2020-08-24T12:00:18+00:00\" \/>\n<meta name=\"twitter:card\" content=\"summary_large_image\" \/>\n<meta name=\"twitter:label1\" content=\"Dur\u00e9e de lecture estim\u00e9e\" \/>\n\t<meta name=\"twitter:data1\" content=\"1 minute\" \/>\n<script type=\"application\/ld+json\" class=\"yoast-schema-graph\">{\"@context\":\"https:\/\/schema.org\",\"@graph\":[{\"@type\":\"WebPage\",\"@id\":\"https:\/\/catechese.ch\/?page_id=138\",\"url\":\"https:\/\/catechese.ch\/?page_id=138\",\"name\":\"D\u00e9couvrez nos formations - catechese.ch\",\"isPartOf\":{\"@id\":\"https:\/\/catechese.ch\/#website\"},\"datePublished\":\"2020-03-31T19:19:52+00:00\",\"dateModified\":\"2020-08-24T12:00:18+00:00\",\"breadcrumb\":{\"@id\":\"https:\/\/catechese.ch\/?page_id=138#breadcrumb\"},\"inLanguage\":\"fr-FR\",\"potentialAction\":[{\"@type\":\"ReadAction\",\"target\":[\"https:\/\/catechese.ch\/?page_id=138\"]}]},{\"@type\":\"BreadcrumbList\",\"@id\":\"https:\/\/catechese.ch\/?page_id=138#breadcrumb\",\"itemListElement\":[{\"@type\":\"ListItem\",\"position\":1,\"name\":\"Home\",\"item\":\"https:\/\/catechese.ch\/\"},{\"@type\":\"ListItem\",\"position\":2,\"name\":\"D\u00e9couvrez nos formations\"}]},{\"@type\":\"WebSite\",\"@id\":\"https:\/\/catechese.ch\/#website\",\"url\":\"https:\/\/catechese.ch\/\",\"name\":\"catechese.ch\",\"description\":\"Le portail romand d&#039;information sur la cat\u00e9ch\u00e8se\",\"potentialAction\":[{\"@type\":\"SearchAction\",\"target\":{\"@type\":\"EntryPoint\",\"urlTemplate\":\"https:\/\/catechese.ch\/?s={search_term_string}\"},\"query-input\":{\"@type\":\"PropertyValueSpecification\",\"valueRequired\":true,\"valueName\":\"search_term_string\"}}],\"inLanguage\":\"fr-FR\"}]}<\/script>\n<!-- \/ Yoast SEO plugin. -->","yoast_head_json":{"title":"D\u00e9couvrez nos formations - catechese.ch","robots":{"index":"index","follow":"follow","max-snippet":"max-snippet:-1","max-image-preview":"max-image-preview:large","max-video-preview":"max-video-preview:-1"},"canonical":"https:\/\/catechese.ch\/?page_id=138","og_locale":"fr_FR","og_type":"article","og_title":"D\u00e9couvrez nos formations - catechese.ch","og_description":"Se former pour animer La formation \u0153cum\u00e9nique de base \u00e0 l&rsquo;animation cat\u00e9ch\u00e9tique est&#8230; POUR VOUS !Cette formation est destin\u00e9e aux personnes actives dans l\u2019animation en cat\u00e9ch\u00e8se, d\u00e9butantes ou exp\u00e9riment\u00e9es. Dates : &#8211; vendredi 20 novembre de 18h30 \u00e0 21h45 &#8211; samedi 21 novembre de 9h \u00e0 17h30 &#8211; jeudi 21 janvier de 18h30 \u00e0 21h45 &hellip; Continuer la lecture de &laquo;&nbsp;D\u00e9couvrez nos formations&nbsp;&raquo;","og_url":"https:\/\/catechese.ch\/?page_id=138","og_site_name":"catechese.ch","article_modified_time":"2020-08-24T12:00:18+00:00","twitter_card":"summary_large_image","twitter_misc":{"Dur\u00e9e de lecture estim\u00e9e":"1 minute"},"schema":{"@context":"https:\/\/schema.org","@graph":[{"@type":"WebPage","@id":"https:\/\/catechese.ch\/?page_id=138","url":"https:\/\/catechese.ch\/?page_id=138","name":"D\u00e9couvrez nos formations - catechese.ch","isPartOf":{"@id":"https:\/\/catechese.ch\/#website"},"datePublished":"2020-03-31T19:19:52+00:00","dateModified":"2020-08-24T12:00:18+00:00","breadcrumb":{"@id":"https:\/\/catechese.ch\/?page_id=138#breadcrumb"},"inLanguage":"fr-FR","potentialAction":[{"@type":"ReadAction","target":["https:\/\/catechese.ch\/?page_id=138"]}]},{"@type":"BreadcrumbList","@id":"https:\/\/catechese.ch\/?page_id=138#breadcrumb","itemListElement":[{"@type":"ListItem","position":1,"name":"Home","item":"https:\/\/catechese.ch\/"},{"@type":"ListItem","position":2,"name":"D\u00e9couvrez nos formations"}]},{"@type":"WebSite","@id":"https:\/\/catechese.ch\/#website","url":"https:\/\/catechese.ch\/","name":"catechese.ch","description":"Le portail romand d&#039;information sur la cat\u00e9ch\u00e8se","potentialAction":[{"@type":"SearchAction","target":{"@type":"EntryPoint","urlTemplate":"https:\/\/catechese.ch\/?s={search_term_string}"},"query-input":{"@type":"PropertyValueSpecification","valueRequired":true,"valueName":"search_term_string"}}],"inLanguage":"fr-FR"}]}},"_links":{"self":[{"href":"https:\/\/catechese.ch\/index.php?rest_route=\/wp\/v2\/pages\/138"}],"collection":[{"href":"https:\/\/catechese.ch\/index.php?rest_route=\/wp\/v2\/pages"}],"about":[{"href":"https:\/\/catechese.ch\/index.php?rest_route=\/wp\/v2\/types\/page"}],"author":[{"embeddable":true,"href":"https:\/\/catechese.ch\/index.php?rest_route=\/wp\/v2\/users\/4"}],"replies":[{"embeddable":true,"href":"https:\/\/catechese.ch\/index.php?rest_route=%2Fwp%2Fv2%2Fcomments&post=138"}],"version-history":[{"count":5,"href":"https:\/\/catechese.ch\/index.php?rest_route=\/wp\/v2\/pages\/138\/revisions"}],"predecessor-version":[{"id":151,"href":"https:\/\/catechese.ch\/index.php?rest_route=\/wp\/v2\/pages\/138\/revisions\/151"}],"wp:attachment":[{"href":"https:\/\/catechese.ch\/index.php?rest_route=%2Fwp%2Fv2%2Fmedia&parent=138"}],"curies":[{"name":"wp","href":"https:\/\/api.w.org\/{rel}","templated":true}]}}